{"version":"1.0","provider_name":"Le TILT","provider_url":"https:\/\/www.leti.lt\/wordpress","title":"Le regard - Le TILT","type":"rich","width":600,"height":338,"html":"<blockquote class=\"wp-embedded-content\" data-secret=\"ei3fX9uXF5\"><a href=\"https:\/\/www.leti.lt\/wordpress\/danseforum-leregard\/\">Le regard<\/a><\/blockquote><iframe sandbox=\"allow-scripts\" security=\"restricted\" src=\"https:\/\/www.leti.lt\/wordpress\/danseforum-leregard\/embed\/#?secret=ei3fX9uXF5\" width=\"600\" height=\"338\" title=\"\u00ab\u00a0Le regard\u00a0\u00bb &#8212; Le TILT\" data-secret=\"ei3fX9uXF5\" frameborder=\"0\" marginwidth=\"0\" marginheight=\"0\" scrolling=\"no\" class=\"wp-embedded-content\"><\/iframe><script type=\"text\/javascript\">\n\/* <![CDATA[ *\/\n\/*! This file is auto-generated *\/\n!function(d,l){\"use strict\";l.querySelector&&d.addEventListener&&\"undefined\"!=typeof URL&&(d.wp=d.wp||{},d.wp.receiveEmbedMessage||(d.wp.receiveEmbedMessage=function(e){var t=e.data;if((t||t.secret||t.message||t.value)&&!\/[^a-zA-Z0-9]\/.test(t.secret)){for(var s,r,n,a=l.querySelectorAll('iframe[data-secret=\"'+t.secret+'\"]'),o=l.querySelectorAll('blockquote[data-secret=\"'+t.secret+'\"]'),c=new RegExp(\"^https?:$\",\"i\"),i=0;i<o.length;i++)o[i].style.display=\"none\";for(i=0;i<a.length;i++)s=a[i],e.source===s.contentWindow&&(s.removeAttribute(\"style\"),\"height\"===t.message?(1e3<(r=parseInt(t.value,10))?r=1e3:~~r<200&&(r=200),s.height=r):\"link\"===t.message&&(r=new URL(s.getAttribute(\"src\")),n=new URL(t.value),c.test(n.protocol))&&n.host===r.host&&l.activeElement===s&&(d.top.location.href=t.value))}},d.addEventListener(\"message\",d.wp.receiveEmbedMessage,!1),l.addEventListener(\"DOMContentLoaded\",function(){for(var e,t,s=l.querySelectorAll(\"iframe.wp-embedded-content\"),r=0;r<s.length;r++)(t=(e=s[r]).getAttribute(\"data-secret\"))||(t=Math.random().toString(36).substring(2,12),e.src+=\"#?secret=\"+t,e.setAttribute(\"data-secret\",t)),e.contentWindow.postMessage({message:\"ready\",secret:t},\"*\")},!1)))}(window,document);\n\/\/# sourceURL=https:\/\/www.leti.lt\/wordpress\/wp-includes\/js\/wp-embed.min.js\n\/* ]]> *\/\n<\/script>\n","description":"Danse forum\u2192 Comptes-ren\u00addus des ate\u00adliers\u2192 Lam\u00adbesc !!Le regard \u2013 26 novembre 2005 Le leit\u00admo\u00adtiv de la s\u00e9ance \u00e9tait le regard, du regard \u00e0&nbsp;l\u2019impression, de l\u2019impression \u00e0&nbsp;l\u2019expression, de l\u2019expression \u00e0&nbsp;l\u2019expressivit\u00e9, au&nbsp;per\u00e7u&nbsp;. Cha\u00adcun a&nbsp;per\u00ad\u00e7u une musique dif\u00adf\u00e9\u00adrente ou dif\u00adf\u00e9\u00adrem\u00adment per\u00ad\u00e7u le mor\u00adceau de musique en fonc\u00adtion de l\u2019expression ren\u00advoy\u00e9e par celui qui ex\u00e9\u00adcu\u00adtait l\u2019exercice La danse forum&nbsp;: dis\u00adtance entre l\u2019\u00e9motion res\u00adsen\u00adtie, l\u2019\u00e9motion expri\u00adm\u00e9e, l\u2019\u00e9motion per\u00ad\u00e7ue par l\u2019autre Nous avons ain\u00adsi explo\u00adr\u00e9 la pre-expres\u00adsi\u00advi\u00adt\u00e9 ch\u00e8re \u00e0&nbsp;Euge\u00adnio Bar\u00adba, o\u00f9 l\u2019expression \u00e9mo\u00adtive nait de la [&hellip;]"}

Danse forum→ Comptes-ren­dus des ate­liers→ Lam­besc !!Le regard – 26 novembre 2005 Le leit­mo­tiv de la séance était le regard, du regard à&nbsp;l’impression, de l’impression à&nbsp;l’expression, de l’expression à&nbsp;l’expressivité, au&nbsp;perçu&nbsp;. Cha­cun a&nbsp;per­çu une musique dif­fé­rente ou dif­fé­rem­ment per­çu le mor­ceau de musique en fonc­tion de l’expression ren­voyée par celui qui exé­cu­tait l’exercice La danse forum&nbsp;: dis­tance entre l’émotion res­sen­tie, l’émotion expri­mée, l’émotion per­çue par l’autre Nous avons ain­si explo­ré la pre-expres­si­vi­té chère à&nbsp;Euge­nio Bar­ba, où l’expression émo­tive nait de la [&hellip;]
