{"version":"1.0","provider_name":"Le TILT","provider_url":"https:\/\/www.leti.lt\/wordpress","title":"La trace et le chemin - Le TILT","type":"rich","width":600,"height":338,"html":"<blockquote class=\"wp-embedded-content\" data-secret=\"dPvJhgKafc\"><a href=\"https:\/\/www.leti.lt\/wordpress\/danseforum-latraceetlechemin\/\">La trace et le chemin<\/a><\/blockquote><iframe sandbox=\"allow-scripts\" security=\"restricted\" src=\"https:\/\/www.leti.lt\/wordpress\/danseforum-latraceetlechemin\/embed\/#?secret=dPvJhgKafc\" width=\"600\" height=\"338\" title=\"\u00ab\u00a0La trace et le chemin\u00a0\u00bb &#8212; Le TILT\" data-secret=\"dPvJhgKafc\" frameborder=\"0\" marginwidth=\"0\" marginheight=\"0\" scrolling=\"no\" class=\"wp-embedded-content\"><\/iframe><script type=\"text\/javascript\">\n\/* <![CDATA[ *\/\n\/*! This file is auto-generated *\/\n!function(d,l){\"use strict\";l.querySelector&&d.addEventListener&&\"undefined\"!=typeof URL&&(d.wp=d.wp||{},d.wp.receiveEmbedMessage||(d.wp.receiveEmbedMessage=function(e){var t=e.data;if((t||t.secret||t.message||t.value)&&!\/[^a-zA-Z0-9]\/.test(t.secret)){for(var s,r,n,a=l.querySelectorAll('iframe[data-secret=\"'+t.secret+'\"]'),o=l.querySelectorAll('blockquote[data-secret=\"'+t.secret+'\"]'),c=new RegExp(\"^https?:$\",\"i\"),i=0;i<o.length;i++)o[i].style.display=\"none\";for(i=0;i<a.length;i++)s=a[i],e.source===s.contentWindow&&(s.removeAttribute(\"style\"),\"height\"===t.message?(1e3<(r=parseInt(t.value,10))?r=1e3:~~r<200&&(r=200),s.height=r):\"link\"===t.message&&(r=new URL(s.getAttribute(\"src\")),n=new URL(t.value),c.test(n.protocol))&&n.host===r.host&&l.activeElement===s&&(d.top.location.href=t.value))}},d.addEventListener(\"message\",d.wp.receiveEmbedMessage,!1),l.addEventListener(\"DOMContentLoaded\",function(){for(var e,t,s=l.querySelectorAll(\"iframe.wp-embedded-content\"),r=0;r<s.length;r++)(t=(e=s[r]).getAttribute(\"data-secret\"))||(t=Math.random().toString(36).substring(2,12),e.src+=\"#?secret=\"+t,e.setAttribute(\"data-secret\",t)),e.contentWindow.postMessage({message:\"ready\",secret:t},\"*\")},!1)))}(window,document);\n\/\/# sourceURL=https:\/\/www.leti.lt\/wordpress\/wp-includes\/js\/wp-embed.min.js\n\/* ]]> *\/\n<\/script>\n","description":"Danse forum\u2192 Comptes Ren\u00addus des Ate\u00adliers \u2192 Ille et Vilaine !!La trace et le che\u00admin Eclore\/se ramas\u00adser et cycle\/r\u00e9p\u00e9tition \u2013 28\u200a\u2013\u200a29\/11\/17 https:\/\/\u200bcol\u200blec\u200btif\u200bsans\u200btete\u200b.word\u200bpress\u200b.com\/\u200bl\u200ba\u200b-\u200bt\u200br\u200ba\u200bc\u200be\u200b-\u200be\u200bt\u200b-\u200bl\u200be\u200b-\u200bc\u200bh\u200be\u200bm\u200bi\u200bn\u200b-11\u200a\u2013\u200a11-17\/ Participant.e.s&nbsp;: L\u00e9a, Chris\u00adtian, Nico\u00adlas, Chlo\u00e9 (nou\u00advelle) et&nbsp;Herv\u00e9 R\u00e9dac\u00adtion du CR&nbsp;: Herv\u00e9 JOUR 1 Th\u00e8me r\u00e9flexif&nbsp;: la trace et le che\u00admin, c\u2019est-\u00e0-dire la trace qu\u2019on suit et la trace qu\u2019on laisse avec l\u2019id\u00e9e d\u2019avanc\u00e9e et d\u2019avancer. Th\u00e8me sen\u00adsi\u00adtif&nbsp;: Eclore et se ramasser TEMPS DE DANSE 1 \/ L\u00e9a&nbsp;tilte L\u00e9a&nbsp;: est-ce qu\u2019il est pos\u00adsible de suivre sa propre trace ou [&hellip;]"}

Danse forum→ Comptes Ren­dus des Ate­liers → Ille et Vilaine !!La trace et le che­min Eclore/se ramas­ser et cycle/répétition – 28 – 29/11/17 https://​col​lec​tif​sans​tete​.word​press​.com/​l​a​-​t​r​a​c​e​-​e​t​-​l​e​-​c​h​e​m​i​n​-11 – 11-17/ Participant.e.s&nbsp;: Léa, Chris­tian, Nico­las, Chloé (nou­velle) et&nbsp;Hervé Rédac­tion du CR&nbsp;: Hervé JOUR 1 Thème réflexif&nbsp;: la trace et le che­min, c’est-à-dire la trace qu’on suit et la trace qu’on laisse avec l’idée d’avancée et d’avancer. Thème sen­si­tif&nbsp;: Eclore et se ramasser TEMPS DE DANSE 1 / Léa&nbsp;tilte Léa&nbsp;: est-ce qu’il est pos­sible de suivre sa propre trace ou [&hellip;]
