{"version":"1.0","provider_name":"Le TILT","provider_url":"https:\/\/www.leti.lt\/wordpress","title":"La danse forum (2011) - Le TILT","type":"rich","width":600,"height":338,"html":"<blockquote class=\"wp-embedded-content\" data-secret=\"TcdgOFyFj5\"><a href=\"https:\/\/www.leti.lt\/wordpress\/danseforum-ladanseforum2011\/\">La danse forum (2011)<\/a><\/blockquote><iframe sandbox=\"allow-scripts\" security=\"restricted\" src=\"https:\/\/www.leti.lt\/wordpress\/danseforum-ladanseforum2011\/embed\/#?secret=TcdgOFyFj5\" width=\"600\" height=\"338\" title=\"\u00ab\u00a0La danse forum (2011)\u00a0\u00bb &#8212; Le TILT\" data-secret=\"TcdgOFyFj5\" frameborder=\"0\" marginwidth=\"0\" marginheight=\"0\" scrolling=\"no\" class=\"wp-embedded-content\"><\/iframe><script type=\"text\/javascript\">\n\/* <![CDATA[ *\/\n\/*! This file is auto-generated *\/\n!function(d,l){\"use strict\";l.querySelector&&d.addEventListener&&\"undefined\"!=typeof URL&&(d.wp=d.wp||{},d.wp.receiveEmbedMessage||(d.wp.receiveEmbedMessage=function(e){var t=e.data;if((t||t.secret||t.message||t.value)&&!\/[^a-zA-Z0-9]\/.test(t.secret)){for(var s,r,n,a=l.querySelectorAll('iframe[data-secret=\"'+t.secret+'\"]'),o=l.querySelectorAll('blockquote[data-secret=\"'+t.secret+'\"]'),c=new RegExp(\"^https?:$\",\"i\"),i=0;i<o.length;i++)o[i].style.display=\"none\";for(i=0;i<a.length;i++)s=a[i],e.source===s.contentWindow&&(s.removeAttribute(\"style\"),\"height\"===t.message?(1e3<(r=parseInt(t.value,10))?r=1e3:~~r<200&&(r=200),s.height=r):\"link\"===t.message&&(r=new URL(s.getAttribute(\"src\")),n=new URL(t.value),c.test(n.protocol))&&n.host===r.host&&l.activeElement===s&&(d.top.location.href=t.value))}},d.addEventListener(\"message\",d.wp.receiveEmbedMessage,!1),l.addEventListener(\"DOMContentLoaded\",function(){for(var e,t,s=l.querySelectorAll(\"iframe.wp-embedded-content\"),r=0;r<s.length;r++)(t=(e=s[r]).getAttribute(\"data-secret\"))||(t=Math.random().toString(36).substring(2,12),e.src+=\"#?secret=\"+t,e.setAttribute(\"data-secret\",t)),e.contentWindow.postMessage({message:\"ready\",secret:t},\"*\")},!1)))}(window,document);\n\/\/# sourceURL=https:\/\/www.leti.lt\/wordpress\/wp-includes\/js\/wp-embed.min.js\n\/* ]]> *\/\n<\/script>\n","description":"HISTORIQUE DE LA DANSE&nbsp;FORUM L\u2019id\u00e9e de la danse forum s\u2019est mani\u00adfes\u00adt\u00e9e pour la pre\u00admi\u00e8re fois le 9&nbsp;juillet 2005, lors d\u2019une exp\u00e9\u00adrience de \u00ab&nbsp;sc\u00e8ne ouverte&nbsp;\u00bb \u00e0&nbsp;Mira\u00adbeau (13) dans le cadre du fes\u00adti\u00adval du PBTM (Plus Beau Th\u00e9\u00e2tre du Monde) (Bel 2006). Ce fes\u00adti\u00adval a&nbsp;eu lieu du 6&nbsp;au 17 juillet dans plu\u00adsieurs vil\u00adlages de la r\u00e9gion de For\u00adcal\u00adquier (04). Les inter\u00adve\u00adnants \u00e9taient Augus\u00adto Boal, fon\u00adda\u00adteur du th\u00e9\u00e2tre forum et du th\u00e9\u00e2tre de l\u2019opprim\u00e9, Julian Boal et San\u00adjoy Ganguli. Depuis lors, l\u2019atelier danse [&hellip;]"}

HISTORIQUE DE LA DANSE&nbsp;FORUM L’idée de la danse forum s’est mani­fes­tée pour la pre­mière fois le 9&nbsp;juillet 2005, lors d’une expé­rience de «&nbsp;scène ouverte&nbsp;» à&nbsp;Mira­beau (13) dans le cadre du fes­ti­val du PBTM (Plus Beau Théâtre du Monde) (Bel 2006). Ce fes­ti­val a&nbsp;eu lieu du 6&nbsp;au 17 juillet dans plu­sieurs vil­lages de la région de For­cal­quier (04). Les inter­ve­nants étaient Augus­to Boal, fon­da­teur du théâtre forum et du théâtre de l’opprimé, Julian Boal et San­joy Ganguli. Depuis lors, l’atelier danse [&hellip;]
